 when 38 is divided by 14?
10
Calculate the remainder when 21 is divided by 4.
1
What is the remainder when 130 is divided by 61?
8
Calculate the remainder when 31 is divided by 15.
1
What is the remainder when 76 is divided by 9?
4
What is the remainder when 924 is divided by 116?
112
Calculate the remainder when 117 is divided by 35.
12
Calculate the remainder when 353 is divided by 104.
41
What is the remainder when 235 is divided by 35?
25
Calculate the remainder when 3873 is divided by 1.
0
What is the remainder when 130 is divided by 8?
2
Calculate the remainder when 282 is divided by 18.
12
Calculate the remainder when 1974 is divided by 645.
39
Calculate the remainder when 1469 is divided by 5.
4
Calculate the remainder when 829 is divided by 132.
37
Calculate the remainder when 950 is divided by 31.
20
What is the remainder when 2629 is divided by 94?
91
What is the remainder when 30 is divided by 9?
3
What is the remainder when 39 is divided by 15?
9
Calculate the remainder when 662 is divided by 132.
2
Calculate the remainder when 5740 is divided by 99.
97
What is the remainder when 2422 is divided by 101?
99
Calculate the remainder when 579 is divided by 200.
179
Calculate the remainder when 179 is divided by 10.
9
What is the remainder when 177 is divided by 47?
36
Calculate the remainder when 493 is divided by 62.
59
Calculate the remainder when 1428 is divided by 65.
63
Calculate the remainder when 194 is divided by 87.
20
Calculate the remainder when 69 is divided by 23.
0
Calculate the remainder when 363 is divided by 111.
30
Calculate the remainder when 1051 is divided by 372.
307
What is the remainder when 682 is divided by 102?
70
Calculate the remainder when 30613 is divided by 15.
13
Calculate the remainder when 362 is divided by 46.
40
What is the remainder when 740 is divided by 24?
20
What is the remainder when 98 is divided by 34?
30
Calculate the remainder when 44 is divided by 9.
8
Calculate the remainder when 10916 is divided by 15.
11
Calculate the remainder when 222 is divided by 70.
12
Calculate the remainder when 375 is divided by 127.
121
What is the remainder when 1720 is divided by 163?
90
Calculate the remainder when 1055 is divided by 54.
29
Calculate the remainder when 138 is divided by 36.
30
What is the remainder when 86 is divided by 22?
20
Calculate the remainder when 453 is divided by 23.
16
What is the remainder when 2630 is divided by 14?
12
What is the remainder when 595 is divided by 3?
1
What is the remainder when 38 is divided by 7?
3
Calculate the remainder when 4463 is divided by 24.
23
What is the remainder when 190 is divided by 51?
37
Calculate the remainder when 5 is divided by 3.
2
What is the remainder when 38 is divided by 9?
2
What is the remainder when 199 is divided by 125?
74
What is the remainder when 1457 is divided by 19?
13
What is the remainder when 781 is divided by 17?
16
What is the remainder when 314 is divided by 98?
20
What is the remainder when 83 is divided by 71?
12
Calculate the remainder when 348 is divided by 25.
23
What is the remainder when 992 is divided by 3?
2
Calculate the remainder when 2348 is divided by 38.
30
Calculate the remainder when 5343 is divided by 32.
31
Calculate the remainder when 81 is divided by 19.
5
What is the remainder when 60 is divided by 46?
14
What is the remainder when 126 is divided by 3?
0
Calculate the remainder when 473 is divided by 66.
11
Calculate the remainder when 727 is divided by 90.
7
Calculate the remainder when 1613 is divided by 7.
3
Calculate the remainder when 2600 is divided by 2.
0
Calculate the remainder when 1615 is divided by 29.
20
Calculate the remainder when 9 is divided by 7.
2
Calculate the remainder when 2885 is divided by 78.
77
Calculate the remainder when 1766 is divided by 428.
54
What is the remainder when 58 is divided by 9?
4
What is the remainder when 205 is divided by 118?
87
Calculate the remainder when 1518 is divided by 31.
30
What is the remainder when 8096 is divided by 13?
10
What is the remainder when 268 is divided by 50?
18
What is the remainder when 7 is divided by 5?
2
Calculate the remainder when 99 is divided by 12.
3
Calculate the remainder when 36 is divided by 16.
4
What is the remainder when 1056 is divided by 521?
14
Calculate the remainder when 235 is divided by 119.
116
What is the remainder when 132 is divided by 78?
54
What is the remainder when 623 is divided by 122?
13
Calculate the remainder when 179 is divided by 37.
31
What is the remainder when 111 is divided by 13?
7
What is the remainder when 179 is divided by 27?
17
What is the remainder when 384 is divided by 74?
14
Calculate the remainder when 2436 is divided by 15.
6
Calculate the remainder when 392 is divided by 55.
7
Calculate the remainder when 2397 is divided by 786.
39
Calculate the remainder when 195 is divided by 150.
45
What is the remainder when 42 is divided by 35?
7
Calculate the remainder when 772 is divided by 29.
18
What is the remainder when 372 is divided by 22?
20
What is the remainder when 943 is divided by 62?
13
Calculate the remainder when 129 is divided by 23.
14
Calculate the remainder when 577 is divided by 279.
19
Calculate the remainder when 956 is divided by 438.
80
Calculate the remainder when 2040 is divided by 68.
0
Calculate the remainder when 371 is divided by 121.
8
What is the remainder when 117 is divided by 17?
15
What is the remainder when 125 is divided by 22?
15
What is the remainder when 2622 is divided by 219?
213
What is the remainder when 9679 is divided by 44?
43
What is the remainder when 62 is divided by 17?
11
Calculate the remainder when 1497 is divided by 685.
127
Calculate the remainder when 2292 is divided by 30.
12
What is the remainder when 1219 is divided by 59?
39
Calculate the remainder when 6082 is divided by 15.
7
Calculate the remainder when 263 is divided by 90.
83
What is the remainder when 4623 is divided by 20?
3
Calculate the remainder when 2060 is divided by 24.
20
What is the remainder when 700 is divided by 95?
35
What is the remainder when 470 is divided by 442?
28
What is the remainder when 365 is divided by 62?
55
Calculate the remainder when 415 is divided by 38.
35
Calculate the remainder when 1023 is divided by 233.
91
What is the remainder when 154 is divided by 46?
16
Calculate the remainder when 2532 is divided by 6.
0
Calculate the remainder when 2008 is divided by 49.
48
Calculate the remainder when 78 is divided by 5.
3
Calculate the remainder when 12938 is divided by 43.
38
Calculate the remainder when 143 is divided by 19.
10
Calculate the remainder when 701 is divided by 39.
38
What is the remainder when 276 is divided by 47?
41
What is the remainder when 503 is divided by 91?
48
What is the remainder when 175 is divided by 18?
13
What is the remainder when 104 is divided by 65?
39
What is the remainder when 1828 is divided by 15?
13
What is the remainder when 143 is divided by 16?
15
Calculate the remainder when 29 is divided by 18.
11
Calculate the remainder when 2487 is divided by 489.
42
What is the remainder when 565 is divided by 28?
5
What is the remainder when 244 is divided by 130?
114
What is the remainder when 125 is divided by 9?
8
What is the remainder when 143 is divided by 31?
19
Calculate the remainder when 103 is divided by 20.
3
What is the remainder when 62 is divided by 18?
8
Calculate the remainder when 207 is divided by 66.
9
Calculate the remainder when 297 is divided by 116.
65
Calculate the remainder when 13497 is divided by 54.
51
What is the remainder when 647 is divided by 9?
8
What is the remainder when 1803 is divided by 19?
17
What is the remainder when 4103 is divided by 6?
5
Calculate the remainder when 43470 is divided by 19.
17
What is the remainder when 753 is divided by 27?
24
Calculate the remainder when 669 is divided by 4.
1
What is the remainder when 35820 is divided by 16?
12
Calculate the remainder when 1628 is divided by 43.
37
What is the remainder when 129 is divided by 26?
25
What is the remainder when 204 is divided by 42?
36
What is the remainder when 962 is divided by 69?
65
Calculate the remainder when 154 is divided by 52.
50
Calculate the remainder when 12802 is divided by 194